 + t**2 + t + 5. Let y be z(-3). Let a = -13 - y. Calculate the remainder when 5 is divided by a.
2
Suppose 0 = 2*z - 11 - 25. Let q be (-1 - -2) + (4 - -11). Suppose 3*j = 14 + q. What is the remainder when z is divided by j?
8
Let n be (292/8)/(1/2). Let y = n + -47. What is the remainder when y is divided by 14?
12
Let l(y) = -y**3 - 3*y - 3. Let b be l(-2). Let d = 4 + b. Calculate the remainder when d is divided by 6.
3
Suppose 13*x = 17*x + 44. Calculate the remainder when 21 is divided by (-3 + x/(-3))*18.
9
Suppose 4*q + 1 + 35 = 0. Let d = -2 - q. What is the remainder when 19 is divided by d?
5
Let h(c) = -2*c + 5. Let m be h(8). Let u = -18 - m. Let q = u - -16. Calculate the remainder when 26 is divided by q.
8
Let u be (-412)/(-6) + 2/6. Suppose -4*y + u = 13. What is the remainder when 27 is divided by y?
13
Suppose 2 = 2*m, -4*m = -3*w + m + 181. Suppose 0 = 8*s - 158 + 30. Calculate the remainder when w is divided by s.
14
Suppose 7 = y + r, -27 = -3*y - 4*r - r. Let s be (-2)/7 + (-121)/(-7). Let v = 24 - s. Calculate the remainder when v is divided by y.
3
Suppose -5*v + 8*v - 3 = 0, 3*b - 66 = -3*v. Let l = -4 - -7. Suppose l*t = t + 22. Calculate the remainder when b is divided by t.
10
What is the remainder when (7 - 8)/(2/(-6)) is divided by 2?
1
Suppose 0 = -2*d - 4, 4*z - 740 = -0*z + 4*d. Calculate the remainder when z is divided by 46.
45
Let d(i) = i**2 + 8*i + 5. Let p(r) = -5*r**3 + r**2 - r. Let k be p(1). Let t be d(k). Let a(l) = -2*l - 9. Calculate the remainder when 31 is divided by a(t).
9
Let o(z) = z**3 + 11*z**2 - z - 3. Calculate the remainder when 14 is divided by o(-11).
6
Let x = 14 + -18. Let b = x - -106. What is the remainder when b is divided by 21?
18
Suppose -a + 104 = -2*v, -4*a + 4*v = 6*v - 466. Suppose 2*z = -3*y + 91, -z = 5*y - 6*z - 135. Calculate the remainder when a is divided by y.
27
Let z = -106 + 126. What is the remainder when 69 is divided by z?
9
Let k be 1 + 0/(-2 + 5). Let u(s) = -s + 1. Let c be u(k). Suppose -j - j + 8 = 0, -4*a + j + 132 = c. Calculate the remainder when a is divided by 12.
10
Let p = 3 + -6. Let o be p/(-5) - 6/(-15). Calculate the remainder when 7 is divided by (3/2)/(o/2).
1
Calculate the remainder when 149 is divided by (2336/20)/4 + 12/15.
29
Let n(k) = -k**3 - 6*k**2 - 2*k + 8. Let h be n(-6). Calculate the remainder when 74 is divided by (h/(-8))/((-2)/20).
24
Suppose -4*p = 8, 4*j + 3*p + 2*p - 22 = 0. What is the remainder when 14 is divided by 42/j - 6/24?
4
Let g(t) = -t**3 + t**2 + 4. What is the remainder when g(-2) is divided by 11?
5
Suppose v = 5*g + 5, -5*v + 8*v + 4*g - 72 = 0. Suppose 0 = 3*j - 6*j + 237. What is the remainder when j is divided by v?
19
Suppose -5 = 2*k - 3*k. Calculate the remainder when 32 is divided by k.
2
Suppose -3*s = 6, -2*o + 2*s = 5*s. Suppose p = -5*n - 24, o*p - 2*n = -4*n - 137. Calculate the remainder when (2 - p)/((-6)/(-4)) is divided by 12.
10
Let a be (-32)/(-12)*18/(-8). Let c be a/(-4)*(-2)/(-1). Suppose -2*b + 160 = c*b. What is the remainder when b is divided by 17?
15
Let q(v) = -v**3 + 5*v**2 + 4*v - 1. Calculate the remainder when 111 is divided by q(5).
16
Suppose 5*k - 6*k = 21. Let n(r) = r**3 - 9*r**2 + 3*r + 9. Let v be n(9). Let h = v + k. What is the remainder when h is divided by 8?
7
Suppose -5*l + 2*x = -x + 243, -35 = l - 4*x. Let f = 73 + l. Suppose -z + 12 = 3*j, 3*z = -2*z - 4*j + 60. Calculate the remainder when f is divided by z.
10
Suppose 2*w - 3 - 3 = 0. Suppose 2*i + w*i - 18 = 2*v, 2*i - 5*v = 24. Calculate the remainder when i is divided by 1 + 0 + -1 + 2.
0
Let f(g) = -g**2 + 6*g + 4. Let m be f(3). Suppose -5*a + 4*q = -114, -q + 96 = 5*a - m. What is the remainder when 63 is divided by a?
19
Let j = -1117 - -1127. Let w = -3 + 5. Suppose 2*d - 41 = -w*l + 33, 2*d = 2*l + 74. What is the remainder when d is divided by j?
7
Let j = 30 - 25. Calculate the remainder when 9 is divided by j.
4
Suppose 2*j + 10 = 7*j. Suppose 3*b - 2*b - 5 = 0. Suppose -j*o = -b*o + 9. What is the remainder when o is divided by 2?
1
Let v = 263 + -162. What is the remainder when v is divided by 26?
23
Let t be -31 + (0 - (0 + 2)). Let l be 290/(-14) + (-12)/42. Let r = l - t. Calculate the remainder when 23 is divided by r.
11
Let r(h) be the first derivative of 9*h**4/4 - h**3/3 - h**2/2 - h - 3. Let j be r(-1). Let w = j + 17. Calculate the remainder when 18 is divided by w.
4
What is the remainder when 37 is divided by (6/5)/(((-9)/60)/(-1))?
5
Suppose 5*c - 198 - 17 = 0. Suppose 5*q - 3*j - 69 = 0, -2*j + 15 = -4*q + 71. Calculate the remainder when c is divided by q.
13
Let s be (-2)/4*-10 - 0. Suppose -s*n + 260 = -0*n. What is the remainder when n is divided by (-243)/9*4/(-6)?
16
Suppose 45 = 5*s - 0*s. What is the remainder when s is divided by 6?
3
Suppose 32 = 2*n - 10. Suppose -4*x + v + n = -0, 3*x + 4*v = 11. Calculate the remainder when x is divided by 4.
1
Suppose v = 35 + 44. Suppose 0 = -h + 3*x + 37, -2*h + v = h - x. Calculate the remainder when h is divided by (1 - 0)/((-1)/(-9)).
7
Suppose -5*b = -6*b + 14. Calculate the remainder when 39 is divided by b.
11
Let f be (-614)/(-3) - (-2)/(-3). Suppose 8*o = 4*o + f. What is the remainder when o is divided by 13?
12
Let s = -125 + 183. Suppose -2*t = 2*m - 16, 3*t = -2*t + m + s. What is the remainder when 29 is divided by t?
7
Suppose -4*x + 91 = 3*v, 0*v = -5*x + 3*v + 134. Suppose -135 = -3*z - 4*w, -2*z + w + 19 = -82. What is the remainder when z is divided by x?
24
Let b = 2 - 0. Let d = b - -1. Calculate the remainder when 4 is divided by d.
1
Let h(r) = -r**3 - 3*r**2 + r - 16. Calculate the remainder when h(-7) is divided by 29.
28
Suppose 11 = -2*k + 3, 0 = -2*d - 2*k + 2. Suppose d*z + 45 = 5*t, 41 - 10 = 3*t + z. What is the remainder when 18 is divided by t?
8
Suppose -163 - 287 = -5*x. Suppose a = 6*a - 115. What is the remainder when x is divided by a?
21
Suppose 12 = 4*p, -g - 2*g + 15 = 4*p. Calculate the remainder when g is divided by 0 + 0 + -3 + 4.
0
Let k be (0 + 2)*(-6)/(-4). Suppose -v - k*v + 32 = 0. What is the remainder when v is divided by 3?
2
Suppose -2*l - 3*l - 2*a = -48, -2*l - 2*a + 18 = 0. Suppose 4*t + 30 - l = 0, -34 = -g + 3*t. What is the remainder when g is divided by (0 - 7)/(3 + -4)?
5
Suppose 9*p = 4*p + 310. Suppose -13*u - 27*u + 640 = 0. What is the remainder when p is divided by u?
14
Suppose 17 = 11*i - 38. What is the remainder when (-142)/(-8) + (-2)/(-8) is divided by i?
3
Let v = -60 - -85. Let x(s) = -14*s + 1. What is the remainder when x(-7) is divided by v?
24
Suppose 2*q + 12 = p + 3, -5*p + q = -63. Calculate the remainder when 51 is divided by p.
12
Let f = 3 - 3. Let m = 26 - f. Calculate the remainder when m is divided by 9.
8
Let w(h) = h**2 - h + 3. Let o = -325 + 358. What is the remainder when o is divided by w(3)?
6
Let m be (-2)/(6/(-21)) - -1. Calculate the remainder when 3 is divided by (m - 3) + (1 - 4).
1
Let g(i) = i**2 - i + 79. What is the remainder when g(0) is divided by 14?
9
Let h = -10 + 23. Let x(r) = 2*r + 6. Let j be x(-5). What is the remainder when 0 + -74*2/j is divided by h?
11
Suppose 0*i + 15 = -3*i - 5*k, 4*i + 5*k + 15 = 0. Suppose 5*r - 35 - 10 = i. Calculate the remainder when r is divided by (2 + -1 - 2)*-5.
4
Let z = 3 - 6. Let w(j) = -j + 3. Let l be w(z). What is the remainder when 2 is divided by ((-8)/l)/(4/(-6))?
0
Suppose -3*a + 5*c = 16, -3*a + 2*a - 5*c + 8 = 0. Calculate the remainder when a/6 - (-416)/24 is divided by 10.
7
Suppose 0*h = h + 6. Let q = 17 + h. Calculate the remainder when 43 is divided by q.
10
Let n = -44 + 24. Suppose 2*f - 15 - 11 = 0. Calculate the remainder when f is divided by (4/(-8))/(2/n).
3
Let o(i) be the third derivative of -i**4/6 - 3*i**3/2 + 2*i**2. Let q(v) = v**2 - v + 2. Calculate the remainder when o(-6) is divided by q(3).
7
Suppose -a - 3 = 2*a. Let m = 2 + a. Calculate the remainder when 2 is divided by m.
0
Let n(r) = 8*r - 5. Let g be n(-3). Let h = -14 - g. Calculate the remainder when 44 is divided by h.
14
Suppose 2*f - 3*l + 8 = 3*f, 2*f = 5*l - 6. Suppose 0 = -t - f*c + 13, 8 = -5*t + 3*c + 21. Calculate the remainder when 17 is divided by t.
2
Suppose 0 = 5*p - 20, 3*p + 9 - 3 